/4 - 19*v**3/3 - v**2 + 43*v. List the prime factors of l(-3).
2, 5
Let p(i) = -20 - 17*i - 41 + 40. Let k be p(-9). Let a = k - 3. What are the prime factors of a?
3, 43
What are the prime factors of 4*29*15*1 + (-143 - -149)?
2, 3, 97
Let p be (8/10)/(8/40) + 0. Suppose -25 = -5*m, 0 = p*l + m - 107 - 150. List the prime factors of l + -7*(8/(-28))/1.
5, 13
Let i = 47 + -42. Suppose i*l - 2*l = 5*t - 356, 5*l - 270 = -4*t. Suppose t = -x + 6*x. List the prime factors of x.
2, 7
Suppose -17*o = -4*o - 56712 + 20754. List the prime factors of o.
2, 3, 461
Suppose 15 - 36 = 7*q. List the prime factors of 2/((-2174)/2920 - q/4).
5, 73
Let i(o) = 7571*o**2 + 173*o - 556. List the prime factors of i(3).
2, 17, 2003
Suppose -129*m = -1033293 - 457689. List the prime factors of m.
2, 5779
Suppose -37*i + 72*i = 29*i + 105510. List the prime factors of i.
5, 3517
Suppose -6*v - 1320 = -6. Let b = v + 307. Let n = -30 + b. What are the prime factors of n?
2, 29
Suppose 0 = -3*c - 3*s + 37896, -3*c - 664 = -4*s - 38497. List the prime factors of c.
13, 971
Suppose 4*r - 5*x = 80632, 88*r - 5*x - 100795 = 83*r. List the prime factors of r.
3, 11, 13, 47
Let r(w) = -147*w - 4. Let n = -164 - -161. List the prime factors of r(n).
19, 23
Let f = 16316 - 10905. What are the prime factors of f?
7, 773
Let c(i) = 22*i**2 + 57*i + 1096. What are the prime factors of c(-48)?
2, 6131
Let d(w) = 263*w**2 + 6*w + 1. List the prime factors of d(-2).
3, 347
Let w = 16212 - 5973. What are the prime factors of w?
3, 3413
Let u(p) = -2*p**3 - 8*p**2 - 19*p - 6. Let g(z) = 6 - 5*z**2 - z - z**3 - 20*z + 14*z**2 + 3*z**2. Let o be g(10). What are the prime factors of u(o)?
2, 5, 7
Suppose v - 1 = 2. Let z(x) = 12*x + v + 40*x - 18*x. List the prime factors of z(4).
139
Suppose 22*t = 60*t - 15428. What are the prime factors of t?
2, 7, 29
List the prime factors of 4 - (163 - -2)*(-127)/3.
29, 241
Let b = -68 - -85. Suppose 3*y - 13 = n, 0*y - n = 3*y - b. List the prime factors of (43/y - -1)/(6/75).
2, 3, 5
Let k be -2*(-1)/5 + 176/110. Suppose -k*r = 2*r - 4. List the prime factors of 2*r - 3*(-46)/2.
71
Let t(x) = -x**2 + 2*x - 1. Let r be t(-3). Let v(k) = -k - 18. Let q be v(r). Let m(c) = -4*c**3 + 7*c + 11. List the prime factors of m(q).
29
Let d = -517 - -3487. List the prime factors of d.
2, 3, 5, 11
Let j(u) = -267*u + 314. List the prime factors of j(-29).
7, 1151
Let y be (4 + 36/(-8))*0. Suppose y*q - 5*q + 3*z = -2084, -1662 = -4*q + 5*z. What are the prime factors of q?
2, 11, 19
Suppose 14*o = 9*o. Suppose o = -7*m + 2*m + 280. Suppose 2*y - 4*a - m = -0*y, 2*a - 124 = -3*y. List the prime factors of y.
2, 19
Suppose -649583 = -35*w - 241980 + 616497. List the prime factors of w.
2, 5, 7, 11, 19
Suppose 90*m - 86*m = 0. Suppose m = 4*y - a + 3*a - 130, -98 = -3*y - a. Suppose 49 = s - y. List the prime factors of s.
2, 41
Let f(t) = -t**2 - 15*t + 3. Let p be f(-14). Suppose -p*z - 260 = -18*z. What are the prime factors of z?
2, 5, 13
Let k(f) = f**2 - 22*f + 12. Let x be k(22). Let s(p) = 2*p**2 - 24*p + 12. Let r be s(x). List the prime factors of (174/(-12))/((-2)/r).
3, 29
Suppose -15*a + 30 = -12*a - 4*l, -18 = -a + 4*l. Suppose -a*t + 16 = -2492. List the prime factors of t.
2, 11, 19
Suppose -4*u - 4492 = 4*c - 8*c, 2*c - 2252 = -4*u. Suppose -3610 + c = -22*l. List the prime factors of l.
113
Let v(o) = 49*o + 17. Let w be v(2). List the prime factors of 34/5*1*w.
2, 17, 23
Suppose 5*z - 14954 = -3*w, 0 = 5*z - 42*w + 38*w - 14933. What are the prime factors of z?
7, 61
What are the prime factors of (-66448)/(-15) + 7/((-1050)/(-20))?
2, 5, 443
Let y(a) = 110*a - 277. Let h(o) = -22*o + 55. Let d(n) = -11*h(n) - 2*y(n). What are the prime factors of d(22)?
433
List the prime factors of ((-152263)/172)/(2/(-8)).
3541
Let a = -58 - -106. Let j = 53 - a. Suppose 4*l + j*r = 11, 5*r + 21 = -2*l + 6*l. What are the prime factors of l?
2
Suppose -20*l + 15*l - 3*y + 65851 = 0, 13177 = l + 4*y. List the prime factors of l.
13, 1013
Suppose 319 + 251 = 57*u. Suppose -a = -4*q - 1715, 0 = -2*q - u + 8. List the prime factors of a.
29, 59
Let y(h) = -2*h**3 + 4*h**2 + h + 11. Let t(x) = -x**3 + 3*x**2 + 12. Let m(s) = -3*t(s) + 2*y(s). Let a be m(0). List the prime factors of 2/((a/96)/(-7)).
2, 3
Suppose -5*g = -84 + 404. Let o = g - -65. Let j = 100 + o. List the prime factors of j.
101
Suppose 0 = 56*r - 5*r - 31875. What are the prime factors of r?
5
Suppose 13*u = 12*u + 1281. Suppose 0 = 9*j - 16*j + u. What are the prime factors of j?
3, 61
Let g = 283 - 283. Suppose 208*m - 203*m - 1770 = g. List the prime factors of m.
2, 3, 59
Let p be (12/60)/((-3)/(-45)). Suppose d - 5*r = 558, 0 = 2*r + p - 5. What are the prime factors of d?
563
List the prime factors of (-6)/(-4) - 116925/(-6).
19489
Let b be (-1)/3*24/(-4). Let a(o) = 272*o + 11. Let x be a(b). Suppose 0 = -18*d + 13*d + x. What are the prime factors of d?
3, 37
Let o(n) be the second derivative of -37*n**3/3 - 4*n**2 + 11*n + 2. List the prime factors of o(-9).
2, 7, 47
Suppose -2*c = -0*d - d + 17176, 0 = -3*d + 3*c + 51528. What are the prime factors of d?
2, 19, 113
Let c(b) = -b**3 + 9*b**2 - 13*b + 5. Let d be c(6). Let y = d + -28. Suppose -h + 92 = -t, 3*t = 4*h + y*t - 336. List the prime factors of h.
2, 11
Suppose 407*g - 1058 = 384*g. Suppose 5*s = 109 + 561. Suppose -d - g = -s. What are the prime factors of d?
2, 11
List the prime factors of (5894 + 4)/(1 + 0).
2, 3, 983
Suppose 4*i - 12*i = -56. Suppose 0 = i*c - 32*c + 11225. What are the prime factors of c?
449
Let i be (3 - (-12)/(-8))*10/3. Let a be 1/(10/4)*5 + i. Suppose -a*c + 296 + 390 = 0. What are the prime factors of c?
2, 7
Suppose -7*r + 2 + 12 = 0. Suppose r = j + 4, -4*o + 30 = 3*j. List the prime factors of (6/3 - -103) + o + -6.
2, 3
Suppose 2637 = 16*n - 13*n. What are the prime factors of n/(-15)*(-35)/7?
293
List the prime factors of 13 - -3 - 22449/(-1).
5, 4493
Let k(i) = 4*i**2 - 9*i + 18. Suppose 78 = 3*q - 3*r, 2*q + 4*r = -2*q + 144. Let l = -25 + q. List the prime factors of k(l).
2, 3
Suppose 4*o = 16, -7*o = b + 31 - 6723. List the prime factors of b.
2, 7, 17
Let n(d) = 3898*d - 414. What are the prime factors of n(4)?
2, 7589
Let u be 1 - 3*12/(-18). Suppose 3 + 22 = -5*b, b = u*g - 2558. List the prime factors of g.
23, 37
Let m(y) = 187*y**3 + 15*y**2 - 33*y + 5. List the prime factors of m(2).
5, 13, 23
Let i(c) = -2*c**3 - 39*c**2 - 111*c - 1445. What are the prime factors of i(-32)?
103, 269
Let w = 14676 + -1994. List the prime factors of w.
2, 17, 373
Let a(v) be the first derivative of -8*v**2 - 248*v + 233. List the prime factors of a(-25).
2, 19
List the prime factors of (108/(-135))/(1/(-5)) - -1636.
2, 5, 41
Suppose 176*q - 175*q + 45 = 0. What are the prime factors of 7312/9 - (40/q)/(-2)?
2, 7, 29
Suppose -3*m + 389*n - 387*n = -32279, 3*m - 5*n = 32282. What are the prime factors of m?
7, 29, 53
Let r(x) = 39350*x**2 + 4*x - 1. Let f be r(-1). List the prime factors of f/45 + 5/3.
2, 3, 73
Let z = -13435 - -25392. What are the prime factors of z?
11, 1087
Let p be (-1)/(-5) - 78/15. Let f = p - -7. Suppose 4*t = -2*y + 352, -271 = -t - f*t + 2*y. What are the prime factors of t?
89
Suppose 0 = 24*g + 4*g - 27776. Let u = g + 87. List the prime factors of u.
13, 83
Let j(w) = 80*w + 119. Let p(a) = 53*a + 82. Let z(i) = -5*j(i) + 7*p(i). Let n be (-2)/6 - (-10)/(-6). What are the prime factors of z(n)?
37
Let i(p) = -9*p - 14. Let z(y) = -19*y - 27. Let b(q) = 9*i(q) - 4*z(q). Let o be b(0). List the prime factors of 6/o*-123 + -2*1.
3, 13
Suppose 4*v + 2*o - 28 = 0, -2*v - v + o + 11 = 0. Suppose v*g + 9 - 9 = 0. Suppose g = -11*m + 15*m - 204. List the prime factors of m.
3, 17
Let z be (-24)/(-9)*6/8. Suppose b + 25 = -5*f, -z*f = -3*b + b + 10. What are the prime factors of 1 + -1 + 6 - (2 + b)?
2
Let p be (-1)/(((-16)/2140)/4). Suppose -5*v + 8*z = 3*z - p, 4*v - 2*z = 434. What are the prime factors of v?
2, 5, 11
Let g = 27309 + -13186. List the prime factors of g.
29, 487
Suppose 2*d + 0*d - 4*w + 4 = 0, w - 34 = -5*d. Suppose d*a + a = 14. Suppose -5*p - n + 661 = -a*p, -4*p - 3*n = -888. What are the prime factors of p?
3, 73
Suppose 2*k - 1290 = -3*k. Suppose l + k